it of w?
4
Let u be 88/55 - 4/(-10). Suppose g = -u*q + 267, 4*g - 4*q + q - 1123 = 0. What is the tens digit of g?
7
Let m be (-10)/4*12/15. Let p(i) = -i**2 - 2*i. Let f be p(m). Suppose 2*o - 15 - 249 = f. What is the units digit of o?
2
Suppose -126*o = -157*o + 349897. What is the units digit of o?
7
Let j(o) = 35*o + 32. Suppose 36 = 5*l - 2*l. Let f be j(l). Suppose 4*n - a - f = -96, -3*n + 258 = -3*a. What is the units digit of n?
0
What is the units digit of (-59)/295 + (-49031)/(-5)?
6
Suppose 25*d = 65*d - 16*d - 200040. What is the tens digit of d?
3
Suppose -12*v + 14 = -10. Suppose v*n - 62 = 476. Let g = -70 + n. What is the tens digit of g?
9
Suppose -4*y - 466 = -2*c + 1302, -y = -4*c + 3536. Let q = c + -530. What is the tens digit of q?
5
Suppose i - 4 = -3*d + 12, 5*i = d + 16. Suppose 0 = 2*a - 3*a - n - 31, 0 = 2*a + i*n + 56. Let w = 105 + a. What is the tens digit of w?
7
Suppose 5*t + i - 33 = 5*i, 2*i - 11 = -3*t. Let m be -52 - 0 - (-2 - 0). What is the tens digit of m*(1 + (-9)/t)?
4
Suppose a - 4*k = 3023, -10*a = -8*a - 2*k - 6058. What is the tens digit of a?
3
Let y = 76006 + -13038. What is the hundreds digit of y?
9
Suppose 1 = -11*i + 1. Suppose i = -2*v + 7*v - 15. Suppose v*u = -0*u + 96. What is the tens digit of u?
3
Let j(a) = -24*a + 46. Let h be j(-8). Suppose h*z - 245*z + 5383 = 0. What is the tens digit of z?
6
Let r = 123771 + -78519. What is the hundreds digit of r?
2
Let x be 4/(-6)*99/(-11) + -4. What is the tens digit of ((-200)/(-24) - 8)/(x/5364)?
9
Let k = 0 + -24. Let w = k + 28. Let n(g) = 14*g + 21. What is the units digit of n(w)?
7
Let t(c) = 7*c**2 + 4*c - 4. Let r be t(1). Let o be ((-60)/14)/(1/(-42)). Suppose -r*s + 481 = o. What is the tens digit of s?
4
Suppose 4*q = 20 - 4. Suppose 2*o = -2*g + 342, 236 + 114 = 2*o + q*g. What is the units digit of o?
7
Let t be (-48)/84 - (-680)/14. Suppose 2*h = -t - 44. Let y = h + 232. What is the tens digit of y?
8
Let n(z) = -9 + 9*z - 4 - z**2 - 6. Suppose 6*t - 23*t = -68. What is the units digit of n(t)?
1
Let m(y) = y**3 - 44*y**2 + y - 41. Let q be m(44). Suppose 5*k = -5*r + 2143 - 508, 0 = q*r - 5*k - 973. What is the tens digit of r?
2
Let y(z) = 95*z + 20 - 54 - 47. What is the tens digit of y(7)?
8
Let h = -41 + 171. Let t = h - -64. What is the hundreds digit of t?
1
Let n(p) = 81*p + 68. Let g = -91 - -99. What is the hundreds digit of n(g)?
7
Let y(f) = 4*f**2 - 23*f - 40. What is the hundreds digit of y(21)?
2
Suppose 41*b - 151862 = 128701. What is the tens digit of b?
4
Suppose 34*d - 33*d - 280 = 0. Let k = d + -194. What is the tens digit of k?
8
Suppose 5*f = 10, 4*s + 2 = f - 0*f. Suppose s = 6*d - 4*d - 1566. Suppose 0 = -2*v - 215 + d. What is the units digit of v?
4
Suppose 32*d - 19641 = 29*d. Suppose -17*b + 1613 = -d. What is the units digit of b?
0
Suppose -4273 - 4287 = -20*y. Let b = y + -100. What is the tens digit of b?
2
Let t be 2 - -14 - (10 - (-9)/(-1)). Suppose t*c - 12*c - 2895 = 0. What is the hundreds digit of c?
9
Let f = -154 + 224. Let x = f - 12. Suppose -59 - x = -3*q - 3*l, -5*q + 2*l = -181. What is the units digit of q?
7
Let v(g) be the first derivative of -3*g - 1/2*g**2 + 10 + 22/3*g**3. What is the tens digit of v(2)?
8
Let m(z) = 12*z**2 + 1279*z - 410. What is the units digit of m(-124)?
6
Let f be (1 + -2)/((-2)/16*4). Suppose -13*i - 2 = -14*i, 694 = 2*l - f*i. What is the units digit of l?
9
Let u = 1578 - 1041. What is the hundreds digit of u?
5
Let k be (-7 + 6)*-7 + 370. Let n = 191 + k. What is the tens digit of n?
6
Let i(j) be the second derivative of -17*j**3/3 - 19*j**2 - 5*j + 2. What is the tens digit of i(-4)?
9
Let r be ((-14)/35)/(2/1970). Let g = 12 - r. What is the tens digit of g?
0
Let u(o) = 98*o - 5. Suppose -2*y + 17 = c, 0*c + 10 = 2*c. What is the tens digit of u(y)?
8
Let w = -9052 + 13851. Suppose 20*h - 2321 = w. What is the units digit of h?
6
Let t be ((-576)/168)/(4/(-42)). Suppose t = -4*z + 7*z. Suppose z*j = 13*j - 193. What is the tens digit of j?
9
Let k = 39025 + -27408. What is the thousands digit of k?
1
Let l = -11 - -18. Suppose -14 = -5*b + l*b. Let m(a) = a**2 - 5*a - 3. What is the units digit of m(b)?
1
Let q(x) = 42*x - 88. Let w be q(10). Suppose -6 = -3*m, 0*m + w = 3*v - 2*m. What is the units digit of v?
2
Let g(h) = h**3 - 2*h**2 + 2*h - 2. Let s be g(2). Let z = 259 - 256. What is the units digit of 188/s + -7 + (12 - z)?
6
Let g(l) = 685*l**2 + 33*l - 181. What is the units digit of g(5)?
9
Suppose -86 = -2*j - 4*v, j + 3*v = -2*v + 58. What is the units digit of (196254/j)/6 + (-4)/22?
1
Suppose 76*d - 59*d = -1683. Let h be -100*3/(6/2). Let k = d - h. What is the units digit of k?
1
Let x(g) = 21*g - 30. Let q be x(14). Suppose -2*u - 2*u - 4*f + 1044 = 0, -q = -u + 2*f. What is the hundreds digit of u?
2
Let z = 61 - 64. What is the hundreds digit of 42/(-54)*z*54?
1
Suppose -5*t + 375*c = 374*c - 17139, -2*t + 6855 = -c. What is the hundreds digit of t?
4
Let i(u) = -9*u - 85. Let c be i(-10). Suppose 0 = l - 3*l - c*r - 10, -5*l + 5*r = -45. What is the tens digit of l + 96 - -1 - 4?
9
Let k(v) = v**2 - 7. Let p be k(-4). Let m(r) = -3 - 5 + 3*r + 5*r - 1. What is the tens digit of m(p)?
6
Suppose -s + 2*s - 222 = -3*f, -3*s = f - 642. Let b = s - 87. Let d = 247 - b. What is the units digit of d?
1
Suppose 0 = 317*q + 1234142 - 14112901. What is the tens digit of q?
2
Let j(k) = 3*k - 30. Let w be j(14). Let r(s) = -s**3 + 13*s**2 - 9*s + 1. What is the tens digit of r(w)?
3
Suppose 89*k - 90*k + 11 = y, 7 = y - k. Let i = 17 - 8. What is the units digit of (1443/y + 3)/(6/i)?
5
Suppose -17*w + 71400 = 3*w + 4*w. What is the tens digit of w?
7
What is the units digit of 33/((-20)/80*6/(-347))?
4
Let y(c) = 19*c + 120. Let i be y(0). Suppose 5*o - i = -0*o. What is the tens digit of o?
2
Suppose -3*n - 8 = -5*n. Suppose -4*g + n = 4*y, -2 = -y + g + 1. Suppose -95 = -y*i + 27. What is the units digit of i?
1
What is the hundreds digit of (378/90)/((-6)/(-11230))?
8
Let o = -40 - 203. What is the tens digit of (-3*71 - 0)*162/o?
4
What is the hundreds digit of ((-14)/2)/((158/(-9085))/((-84)/(-10)))?
3
Let w = 120 - 116. Suppose 4*m + n = 3*n + 10, -5*n = w*m - 3. Suppose 178 = m*p - 3*l, 3*p - 358 = 5*l - 89. What is the units digit of p?
3
Let h = 88 - -3. Let g = 56 - h. Let k = g + 164. What is the units digit of k?
9
Suppose -19*s - 2256 = -23*s. Suppose 3*t = 4*w - 110 - 990, 5*t + s = 2*w. Let p = w - 189. What is the units digit of p?
3
Suppose -7*s = -5*s + 7*s - 24120. What is the thousands digit of s?
2
Suppose -2*b - 38 = -h, 3*h + 5*b = b + 64. Let r = -81 - -209. What is the units digit of ((-14)/h)/((-2)/r)?
2
Let y = -129 - -90. Let c = y - -166. What is the tens digit of c?
2
Let c(t) = 420*t**2 + 34*t - 160. What is the thousands digit of c(6)?
5
Suppose 0 = -613*x + 527*x + 87180 + 3543224. What is the thousands digit of x?
2
Let s = -483 - -452. Let i(m) = -m**2 - 37*m - 103. What is the tens digit of i(s)?
8
Suppose -139 = -5*a + 166. Let i = a + -61. Suppose -3*v = i, 5*l - 3*v - 315 = -4*v. What is the units digit of l?
3
Suppose -3*l + 480 = l. Let x = 255 - l. Suppose -10*w = -5*w - x. What is the tens digit of w?
2
Suppose -83*p + 69*p = -8232. What is the tens digit of p?
8
Let t(x) = -36*x + 146. Let h be t(5). Let k = h - -485. What is the hundreds digit of k?
4
Suppose -410356 = -169*x + 156*x - 14220. What is the thousands digit of x?
0
Suppose 0 = -29*w + 650579 - 45117. What is the tens digit of w?
7
Suppose 0 = -3*h - 12, 4*h - h = -5*u + 5038. Suppose 2*b + u = 3*a + 6*b, -354 = -a + 3*b. Let w = a - 200. What is the units digit of w?
2
Let y = 15 + -10. Suppose 0 = -s + y*m + 394, -m - 1576 = -4*s - 3*m. What is the units digit of s?
4
Suppose -5*n + 152379 = 3*x, -3*n - 9*x + 91419 = -6*x. What is the ten thousands digit of n?
3
Let t(o) = o**3 + 2*o**2 + 3*o - 1420. Let s be t(0). Let a = -788 - s. What is the units digit of a?
2
Suppose -3*h + 688 = -803. Suppose 0 = -5*w - 2*w + h. Suppose -70*s = -w*s + 251. What is the tens digit of s?
5
Suppose -3*t + a - 2*a - 5 = 0, 0 = 5*a + 25. Let d = 4 + t. What is the hundreds digit of (-1)/d + (-4 - (-2910)/24)?
1
Suppose -422 = -n - 4*d, 0 =